{"id":719,"date":"2023-04-24T00:15:39","date_gmt":"2023-04-23T18:45:39","guid":{"rendered":"https:\/\/drongocare.in\/?page_id=719"},"modified":"2023-05-26T13:34:31","modified_gmt":"2023-05-26T08:04:31","slug":"gutsequre-pre-probiotic-capsules","status":"publish","type":"page","link":"https:\/\/drongocare.in\/index.php\/gutsequre-pre-probiotic-capsules\/","title":{"rendered":"GutSequre"},"content":{"rendered":"\t\t<div data-elementor-type=\"wp-page\" data-elementor-id=\"719\" class=\"elementor elementor-719\">\n\t\t\t\t\t\t<section class=\"elementor-section elementor-top-section elementor-element elementor-element-1811789 elementor-section-full_width elementor-section-stretched elementor-section-height-default elementor-section-height-default\" data-id=\"1811789\" data-element_type=\"section\" data-settings=\"{&quot;stretch_section&quot;:&quot;section-stretched&quot;}\">\n\t\t\t\t\t\t<div class=\"elementor-container elementor-column-gap-default\">\n\t\t\t\t\t<div class=\"elementor-column elementor-col-100 elementor-top-column elementor-element elementor-element-6348c4d\" data-id=\"6348c4d\" data-element_type=\"column\">\n\t\t\t<div class=\"elementor-widget-wrap elementor-element-populated\">\n\t\t\t\t\t\t<div class=\"elementor-element elementor-element-e1afdb2 elementor-widget__width-inherit elementor-widget elementor-widget-image\" data-id=\"e1afdb2\" data-element_type=\"widget\" data-widget_type=\"image.default\">\n\t\t\t\t<div class=\"elementor-widget-container\">\n\t\t\t<style>\/*! elementor - v3.23.0 - 05-08-2024 *\/\n.elementor-widget-image{text-align:center}.elementor-widget-image a{display:inline-block}.elementor-widget-image a img[src$=\".svg\"]{width:48px}.elementor-widget-image img{vertical-align:middle;display:inline-block}<\/style>\t\t\t\t\t\t\t\t\t\t<img decoding=\"async\" src=\"https:\/\/drongocare.in\/wp-content\/uploads\/elementor\/thumbs\/GutSequre-Hero-q5ojgxroylq1u2964mhq63xf7xphifhv8tww60vfnm.png\" title=\"GutSequre Hero\" alt=\"GutSequre Hero\" loading=\"lazy\" \/>\t\t\t\t\t\t\t\t\t\t\t\t\t<\/div>\n\t\t\t\t<\/div>\n\t\t\t\t\t<\/div>\n\t\t<\/div>\n\t\t\t\t\t<\/div>\n\t\t<\/section>\n\t\t\t\t<section class=\"elementor-section elementor-top-section elementor-element elementor-element-f269a44 elementor-section-full_width elementor-section-stretched elementor-section-height-default elementor-section-height-default\" data-id=\"f269a44\" data-element_type=\"section\" data-settings=\"{&quot;stretch_section&quot;:&quot;section-stretched&quot;}\">\n\t\t\t\t\t\t<div class=\"elementor-container elementor-column-gap-default\">\n\t\t\t\t\t<div class=\"elementor-column elementor-col-100 elementor-top-column elementor-element elementor-element-f209fea\" data-id=\"f209fea\" data-element_type=\"column\">\n\t\t\t<div class=\"elementor-widget-wrap elementor-element-populated\">\n\t\t\t\t\t\t<div class=\"elementor-element elementor-element-4205134 elementor-widget__width-inherit elementor-widget elementor-widget-spacer\" data-id=\"4205134\" data-element_type=\"widget\" data-widget_type=\"spacer.default\">\n\t\t\t\t<div class=\"elementor-widget-container\">\n\t\t\t<style>\/*! elementor - v3.23.0 - 05-08-2024 *\/\n.elementor-column .elementor-spacer-inner{height:var(--spacer-size)}.e-con{--container-widget-width:100%}.e-con-inner>.elementor-widget-spacer,.e-con>.elementor-widget-spacer{width:var(--container-widget-width,var(--spacer-size));--align-self:var(--container-widget-align-self,initial);--flex-shrink:0}.e-con-inner>.elementor-widget-spacer>.elementor-widget-container,.e-con>.elementor-widget-spacer>.elementor-widget-container{height:100%;width:100%}.e-con-inner>.elementor-widget-spacer>.elementor-widget-container>.elementor-spacer,.e-con>.elementor-widget-spacer>.elementor-widget-container>.elementor-spacer{height:100%}.e-con-inner>.elementor-widget-spacer>.elementor-widget-container>.elementor-spacer>.elementor-spacer-inner,.e-con>.elementor-widget-spacer>.elementor-widget-container>.elementor-spacer>.elementor-spacer-inner{height:var(--container-widget-height,var(--spacer-size))}.e-con-inner>.elementor-widget-spacer.elementor-widget-empty,.e-con>.elementor-widget-spacer.elementor-widget-empty{position:relative;min-height:22px;min-width:22px}.e-con-inner>.elementor-widget-spacer.elementor-widget-empty .elementor-widget-empty-icon,.e-con>.elementor-widget-spacer.elementor-widget-empty .elementor-widget-empty-icon{position:absolute;top:0;bottom:0;left:0;right:0;margin:auto;padding:0;width:22px;height:22px}<\/style>\t\t<div class=\"elementor-spacer\">\n\t\t\t<div class=\"elementor-spacer-inner\"><\/div>\n\t\t<\/div>\n\t\t\t\t<\/div>\n\t\t\t\t<\/div>\n\t\t\t\t\t<\/div>\n\t\t<\/div>\n\t\t\t\t\t<\/div>\n\t\t<\/section>\n\t\t\t\t<section class=\"elementor-section elementor-top-section elementor-element elementor-element-b13eb15 elementor-section-boxed elementor-section-height-default elementor-section-height-default\" data-id=\"b13eb15\" data-element_type=\"section\">\n\t\t\t\t\t\t<div class=\"elementor-container elementor-column-gap-default\">\n\t\t\t\t\t<div class=\"elementor-column elementor-col-50 elementor-top-column elementor-element elementor-element-29e485f\" data-id=\"29e485f\" data-element_type=\"column\">\n\t\t\t<div class=\"elementor-widget-wrap elementor-element-populated\">\n\t\t\t\t\t\t<div class=\"elementor-element elementor-element-10747a4 elementor-widget elementor-widget-text-editor\" data-id=\"10747a4\" data-element_type=\"widget\" data-widget_type=\"text-editor.default\">\n\t\t\t\t<div class=\"elementor-widget-container\">\n\t\t\t<style>\/*! elementor - v3.23.0 - 05-08-2024 *\/\n.elementor-widget-text-editor.elementor-drop-cap-view-stacked .elementor-drop-cap{background-color:#69727d;color:#fff}.elementor-widget-text-editor.elementor-drop-cap-view-framed .elementor-drop-cap{color:#69727d;border:3px solid;background-color:transparent}.elementor-widget-text-editor:not(.elementor-drop-cap-view-default) .elementor-drop-cap{margin-top:8px}.elementor-widget-text-editor:not(.elementor-drop-cap-view-default) .elementor-drop-cap-letter{width:1em;height:1em}.elementor-widget-text-editor .elementor-drop-cap{float:left;text-align:center;line-height:1;font-size:50px}.elementor-widget-text-editor .elementor-drop-cap-letter{display:inline-block}<\/style>\t\t\t\t<p class=\"MsoNormal\" style=\"mso-margin-top-alt: auto; mso-margin-bottom-alt: auto; line-height: normal; mso-outline-level: 1;\"><b><i><span style=\"font-size: 28.0pt; mso-bidi-font-size: 24.0pt; font-family: 'Arial','sans-serif'; mso-fareast-font-family: 'Times New Roman'; color: #002060; mso-font-kerning: 18.0pt;\">Gut<\/span><\/i><\/b><b><i><span style=\"font-size: 28.0pt; mso-bidi-font-size: 24.0pt; font-family: 'Arial','sans-serif'; mso-fareast-font-family: 'Times New Roman'; color: #c0504d; mso-themecolor: accent2; mso-font-kerning: 18.0pt;\">Sequre<\/span><\/i><\/b><b><i><span style=\"font-size: 28.0pt; mso-bidi-font-size: 24.0pt; font-family: 'Arial','sans-serif'; mso-fareast-font-family: 'Times New Roman'; color: #002060; mso-font-kerning: 18.0pt;\"> Capsules<\/span><\/i><\/b><\/p><p class=\"MsoNormal\" style=\"mso-margin-top-alt: auto; mso-margin-bottom-alt: auto; line-height: normal; mso-outline-level: 1;\"><b><i><span style=\"font-size: 20.0pt; mso-bidi-font-size: 24.0pt; font-family: 'Arial','sans-serif'; mso-fareast-font-family: 'Times New Roman'; color: #002060; mso-font-kerning: 18.0pt;\">Gives More Strength to your Gut\u2026<\/span><\/i><\/b><b><\/b><\/p><p class=\"MsoNormal\" style=\"mso-margin-top-alt: auto; mso-margin-bottom-alt: auto; line-height: normal; mso-outline-level: 1;\"><b><i><span style=\"font-size: 20.0pt; mso-bidi-font-size: 24.0pt; font-family: 'Arial','sans-serif'; mso-fareast-font-family: 'Times New Roman'; color: #002060; mso-font-kerning: 18.0pt;\">A * Pre-probiotic Capsule with<\/span><\/i><\/b><\/p><p class=\"MsoListParagraphCxSpFirst\" style=\"text-indent: -18.0pt; mso-list: l0 level1 lfo1;\"><!-- [if !supportLists]--><span style=\"font-size: 19.0pt; mso-bidi-font-size: 12.0pt; line-height: 115%; font-family: Wingdings; mso-fareast-font-family: Wingdings; mso-bidi-font-family: Wingdings; color: #c0504d; mso-themecolor: accent2;\">\u00fc <\/span><!--[endif]--><b><span style=\"font-size: 19.0pt; mso-bidi-font-size: 12.0pt; line-height: 115%; font-family: 'Arial','sans-serif'; mso-fareast-font-family: 'Times New Roman'; color: #c0504d; mso-themecolor: accent2;\">6 Strains<\/span><\/b><\/p><p class=\"MsoListParagraphCxSpLast\" style=\"text-indent: -18.0pt; mso-list: l0 level1 lfo1;\"><!-- [if !supportLists]--><span class=\"s1ppyq\"><span style=\"font-size: 19.0pt; mso-bidi-font-size: 12.0pt; line-height: 115%; font-family: Wingdings; mso-fareast-font-family: Wingdings; mso-bidi-font-family: Wingdings; color: #c0504d; mso-themecolor: accent2;\">\u00fc <\/span><\/span><!--[endif]--><b><span style=\"font-size: 19.0pt; mso-bidi-font-size: 12.0pt; line-height: 115%; font-family: 'Arial','sans-serif'; mso-fareast-font-family: 'Times New Roman'; color: #c0504d; mso-themecolor: accent2;\">2.5 Billion Spores<\/span><\/b><\/p><p class=\"MsoNormal\" style=\"mso-margin-top-alt: auto; mso-margin-bottom-alt: auto; margin-left: 36.0pt; text-indent: -18.0pt; line-height: normal; mso-list: l0 level1 lfo1;\"><!-- [if !supportLists]--><span style=\"font-size: 14.0pt; mso-bidi-font-size: 12.0pt; font-family: Wingdings; mso-fareast-font-family: Wingdings; mso-bidi-font-family: Wingdings;\">\u00fc <\/span><!--[endif]--><b><span style=\"font-size: 14.0pt; mso-bidi-font-size: 12.0pt; font-family: 'Arial','sans-serif'; mso-fareast-font-family: 'Times New Roman'; color: #151673;\">Reduce the risk of UTI i<\/span><\/b><b><span style=\"font-size: 14.0pt; mso-bidi-font-size: 12.0pt; font-family: 'Tahoma','sans-serif'; mso-fareast-font-family: 'Times New Roman'; mso-bidi-font-family: Arial; color: #151673;\">n<\/span><\/b><b><span style=\"font-size: 14.0pt; mso-bidi-font-size: 12.0pt; font-family: 'Arial','sans-serif'; mso-fareast-font-family: 'Times New Roman'; color: #151673;\"> women by 50%.<\/span><\/b><b><\/b><\/p><p class=\"MsoNormal\" style=\"mso-margin-top-alt: auto; mso-margin-bottom-alt: auto; margin-left: 36.0pt; text-indent: -18.0pt; line-height: normal; mso-list: l0 level1 lfo1;\"><!-- [if !supportLists]--><span style=\"font-size: 14.0pt; mso-bidi-font-size: 12.0pt; font-family: Wingdings; mso-fareast-font-family: Wingdings; mso-bidi-font-family: Wingdings;\">\u00fc <\/span><!--[endif]--><b><span style=\"font-size: 14.0pt; mso-bidi-font-size: 12.0pt; font-family: 'Arial','sans-serif'; mso-fareast-font-family: 'Times New Roman'; color: #151673;\">Helps boost immune system up to 70%.<\/span><\/b><b><\/b><\/p><p class=\"MsoNormal\" style=\"mso-margin-top-alt: auto; mso-margin-bottom-alt: auto; margin-left: 36.0pt; text-indent: -18.0pt; line-height: normal; mso-list: l0 level1 lfo1;\"><!-- [if !supportLists]--><span style=\"font-size: 14.0pt; mso-bidi-font-size: 12.0pt; font-family: Wingdings; mso-fareast-font-family: Wingdings; mso-bidi-font-family: Wingdings;\">\u00fc <\/span><!--[endif]--><b><span style=\"font-size: 14.0pt; mso-bidi-font-size: 12.0pt; font-family: 'Arial','sans-serif'; mso-fareast-font-family: 'Times New Roman'; color: #151673;\">Helps restore natural balance of Gut Bacteria.<\/span><\/b><b><\/b><\/p><p class=\"MsoNormal\" style=\"mso-margin-top-alt: auto; mso-margin-bottom-alt: auto; margin-left: 36.0pt; text-indent: -18.0pt; line-height: normal; mso-list: l0 level1 lfo1;\"><!-- [if !supportLists]--><span style=\"font-size: 14.0pt; mso-bidi-font-size: 12.0pt; font-family: Wingdings; mso-fareast-font-family: Wingdings; mso-bidi-font-family: Wingdings;\">\u00fc <\/span><!--[endif]--><b><span style=\"font-size: 14.0pt; mso-bidi-font-size: 12.0pt; font-family: 'Arial','sans-serif'; mso-fareast-font-family: 'Times New Roman'; color: #151673;\">Reduce the symptoms of ulcerative colitis, IBS, &amp; necrotizing entercolitis.<\/span><\/b><b><\/b><\/p><p class=\"MsoNormal\" style=\"mso-margin-top-alt: auto; mso-margin-bottom-alt: auto; margin-left: 36.0pt; text-indent: -18.0pt; line-height: normal; mso-list: l0 level1 lfo1;\"><!-- [if !supportLists]--><span class=\"s1ppyq\"><span style=\"font-size: 14.0pt; mso-bidi-font-size: 12.0pt; font-family: Wingdings; mso-fareast-font-family: Wingdings; mso-bidi-font-family: Wingdings;\">\u00fc <\/span><\/span><b><span style=\"font-size: 14.0pt; mso-bidi-font-size: 12.0pt; font-family: 'Arial','sans-serif'; mso-fareast-font-family: 'Times New Roman'; color: #151673;\">Maintain normal intestinal floral under conditions of digesting disorders &amp; following antibiotic &amp; iron therapy.<\/span><\/b><b><\/b><\/p><p>\u00a0<\/p><p>\u00a0<\/p>\t\t\t\t\t\t<\/div>\n\t\t\t\t<\/div>\n\t\t\t\t\t<\/div>\n\t\t<\/div>\n\t\t\t\t<div class=\"elementor-column elementor-col-50 elementor-top-column elementor-element elementor-element-e62022f\" data-id=\"e62022f\" data-element_type=\"column\">\n\t\t\t<div class=\"elementor-widget-wrap elementor-element-populated\">\n\t\t\t\t\t\t<div class=\"elementor-element elementor-element-7cc4303 elementor-widget elementor-widget-image\" data-id=\"7cc4303\" data-element_type=\"widget\" data-widget_type=\"image.default\">\n\t\t\t\t<div class=\"elementor-widget-container\">\n\t\t\t\t\t\t\t\t\t\t\t\t\t<img fetchpriority=\"high\" decoding=\"async\" width=\"500\" height=\"500\" src=\"https:\/\/drongocare.in\/wp-content\/uploads\/2023\/04\/GutSequre_Cap-removebg-preview.png\" class=\"attachment-large size-large wp-image-560\" alt=\"GutSequre Pre-probiotic capsules\" srcset=\"https:\/\/drongocare.in\/wp-content\/uploads\/2023\/04\/GutSequre_Cap-removebg-preview.png 500w, https:\/\/drongocare.in\/wp-content\/uploads\/2023\/04\/GutSequre_Cap-removebg-preview-300x300.png 300w, https:\/\/drongocare.in\/wp-content\/uploads\/2023\/04\/GutSequre_Cap-removebg-preview-150x150.png 150w, https:\/\/drongocare.in\/wp-content\/uploads\/2023\/04\/elementor\/thumbs\/GutSequre_Cap-removebg-preview-q51x4582i3ic2xrim3xgzenwm8sd1a004bbv58ds90.png 250w\" sizes=\"(max-width: 500px) 100vw, 500px\" \/>\t\t\t\t\t\t\t\t\t\t\t\t\t<\/div>\n\t\t\t\t<\/div>\n\t\t\t\t\t<\/div>\n\t\t<\/div>\n\t\t\t\t\t<\/div>\n\t\t<\/section>\n\t\t\t\t<section class=\"elementor-section elementor-top-section elementor-element elementor-element-eed9945 elementor-section-boxed elementor-section-height-default elementor-section-height-default\" data-id=\"eed9945\" data-element_type=\"section\">\n\t\t\t\t\t\t<div class=\"elementor-container elementor-column-gap-default\">\n\t\t\t\t\t<div class=\"elementor-column elementor-col-100 elementor-top-column elementor-element elementor-element-045987a\" data-id=\"045987a\" data-element_type=\"column\">\n\t\t\t<div class=\"elementor-widget-wrap elementor-element-populated\">\n\t\t\t\t\t\t<div class=\"elementor-element elementor-element-e0e61b1 elementor-widget elementor-widget-text-editor\" data-id=\"e0e61b1\" data-element_type=\"widget\" data-widget_type=\"text-editor.default\">\n\t\t\t\t<div class=\"elementor-widget-container\">\n\t\t\t\t\t\t\t<p style=\"mso-margin-top-alt: auto; mso-margin-bottom-alt: auto; margin-left: 18.0pt; text-align: justify; text-indent: -18.0pt; line-height: normal;\"><b><span style=\"font-size: 12.0pt; font-family: 'Arial','sans-serif'; mso-fareast-font-family: 'Times New Roman'; color: #151673;\">* <u>Probiotics<\/u><\/span><\/b><span style=\"font-size: 12.0pt; font-family: 'Arial','sans-serif'; mso-fareast-font-family: 'Times New Roman'; color: #151673; mso-bidi-font-weight: bold;\"> are live microbiome (bacteria &amp; yeasts) that are good for our digestive system and immunity. When you get sick, bad bacteria increases in your body. Then these good bacteria fight off the increased amount of bad bacteria to keep your levels as close to neutral as possible. <\/span><\/p><p style=\"mso-margin-top-alt: auto; mso-margin-bottom-alt: auto; margin-left: 18.0pt; text-align: justify; text-indent: -18.0pt; line-height: normal;\"><b><u><span style=\"font-size: 12.0pt; font-family: 'Arial','sans-serif'; mso-fareast-font-family: 'Times New Roman'; color: #151673;\">Prebiotics<\/span><\/u><\/b><span style=\"font-size: 12.0pt; font-family: 'Arial','sans-serif'; mso-fareast-font-family: 'Times New Roman'; color: #151673; mso-bidi-font-weight: bold;\"> are a type of fiber that a human body can\u2019t digest. In simple word, they serve as food \/ fertilizer for probiotics.<\/span><\/p><p style=\"margin: 0cm 0cm 19.2pt; text-align: justify; background-image: initial; background-position: initial; background-size: initial; background-repeat: initial; background-attachment: initial; background-origin: initial; background-clip: initial;\"><b><u><span style=\"mso-bidi-font-size: 14.0pt; font-family: 'Arial','sans-serif'; color: #002060;\">Natural Sources of Probiotics<\/span><\/u><\/b><b><span style=\"mso-bidi-font-size: 14.0pt; font-family: 'Arial','sans-serif'; color: #002060;\">:<\/span><\/b><\/p><p style=\"margin: 0cm 0cm 19.2pt; text-align: justify; background-image: initial; background-position: initial; background-size: initial; background-repeat: initial; background-attachment: initial; background-origin: initial; background-clip: initial;\"><span style=\"color: #151673; font-family: Arial, 'sans-serif'; font-size: 12pt; font-style: inherit; font-weight: inherit; text-indent: -18pt; background-color: var(--ast-global-color-5);\">Include yogurt and dairy products, natural source of probiotics, in your daily diet.<\/span><\/p>\t\t\t\t\t\t<\/div>\n\t\t\t\t<\/div>\n\t\t\t\t\t<\/div>\n\t\t<\/div>\n\t\t\t\t\t<\/div>\n\t\t<\/section>\n\t\t\t\t<\/div>\n\t\t","protected":false},"excerpt":{"rendered":"<p>GutSequre Capsules Gives More Strength to your Gut\u2026 A * Pre-probiotic Capsule with \u00fc 6 Strains \u00fc 2.5 Billion Spores \u00fc Reduce the risk of UTI in women by 50%. \u00fc Helps boost immune system up to 70%. \u00fc Helps restore natural balance of Gut Bacteria. \u00fc Reduce the symptoms of ulcerative colitis, IBS, &amp; &hellip;<\/p>\n<p class=\"read-more\"> <a class=\"\" href=\"https:\/\/drongocare.in\/index.php\/gutsequre-pre-probiotic-capsules\/\"> <span class=\"screen-reader-text\">GutSequre<\/span> Read More &raquo;<\/a><\/p>\n","protected":false},"author":1,"featured_media":0,"parent":0,"menu_order":0,"comment_status":"closed","ping_status":"closed","template":"","meta":{"site-sidebar-layout":"no-sidebar","site-content-layout":"page-builder","ast-global-header-display":"","ast-main-header-display":"","ast-hfb-above-header-display":"","ast-hfb-below-header-display":"","ast-hfb-mobile-header-display":"","site-post-title":"disabled","ast-breadcrumbs-content":"","ast-featured-img":"disabled","footer-sml-layout":"","theme-transparent-header-meta":"","adv-header-id-meta":"","stick-header-meta":"","header-above-stick-meta":"","header-main-stick-meta":"","header-below-stick-meta":""},"_links":{"self":[{"href":"https:\/\/drongocare.in\/index.php\/wp-json\/wp\/v2\/pages\/719"}],"collection":[{"href":"https:\/\/drongocare.in\/index.php\/wp-json\/wp\/v2\/pages"}],"about":[{"href":"https:\/\/drongocare.in\/index.php\/wp-json\/wp\/v2\/types\/page"}],"author":[{"embeddable":true,"href":"https:\/\/drongocare.in\/index.php\/wp-json\/wp\/v2\/users\/1"}],"replies":[{"embeddable":true,"href":"https:\/\/drongocare.in\/index.php\/wp-json\/wp\/v2\/comments?post=719"}],"version-history":[{"count":48,"href":"https:\/\/drongocare.in\/index.php\/wp-json\/wp\/v2\/pages\/719\/revisions"}],"predecessor-version":[{"id":1734,"href":"https:\/\/drongocare.in\/index.php\/wp-json\/wp\/v2\/pages\/719\/revisions\/1734"}],"wp:attachment":[{"href":"https:\/\/drongocare.in\/index.php\/wp-json\/wp\/v2\/media?parent=719"}],"curies":[{"name":"wp","href":"https:\/\/api.w.org\/{rel}","templated":true}]}}